{"id":39,"date":"2022-04-18T02:25:34","date_gmt":"2022-04-18T02:25:34","guid":{"rendered":"https:\/\/philippsieg.de\/?page_id=9"},"modified":"2024-08-23T23:17:23","modified_gmt":"2024-08-23T21:17:23","slug":"about-me","status":"publish","type":"page","link":"https:\/\/philippsieg.de\/?page_id=39","title":{"rendered":"about me"},"content":{"rendered":"<div class=\"bm-builder clearfix \"><div id=\"\" class=\"module col-6 module-id-1650345022196\" data-module-col=\"6\"><div class=\"module-inside text-inside\" style=\"--top-mod: 40px;--bottom-mod: 0px;--top-mod-t: 40px;--bottom-mod-t: 0px;--top-mod-m:20px;--bottom-mod-m:40px;\" ><div class=\"text_block_out\"  data-effect=\"standard\" style=\"\"><div class=\"text_block ux-mod-nobg\"><div class=\"text_block_inn\"><div id=\"text-1650345022196\" class=\"text_block_centered text_block_centered_enable_width\"  style=\"\"><h1><span style=\"font-size: 18px; margin-bottom: 5px;\" data-msize=\"18px\">Biography<br><\/span><\/h1>\n<p>Hallo, ich bin Philipp \u2013 Architekt und Fotograf.<\/p>\n<p>Mit einem Bachelor- und Masterabschluss in Architektur habe ich ein tiefes Verst\u00e4ndnis f\u00fcr R\u00e4ume und Strukturen entwickelt, das sich direkt in meiner Fotografie widerspiegelt. Besonders fasziniert mich die Architektur, die ich durch meine Linse in all ihren Facetten einfange.<\/p>\n<p>Doch auch das Reisen inspiriert mich. Ob in den Stra\u00dfen fremder St\u00e4dte, in den Bergen oder an abgelegenen Str\u00e4nden \u2013 meine Kamera begleitet mich immer, um besondere Momente und Atmosph\u00e4ren festzuhalten.<\/p>\n<p>Meine Fotografie erz\u00e4hlt Geschichten von Architektur, Menschen und Emotionen. Wenn du mehr erfahren m\u00f6chtest, freue ich mich auf deine Nachricht.<\/p><\/div><\/div><\/div><\/div><\/div><\/div><div id=\"\" class=\"module col-6 module-id-1650345022576 bm-wrap row-top row-left keep-origin-layout-mobile bm-wrap-height-auto\" data-module-col=\"6\" data-change-color=\"off\" data-backcolor=\"transparent\" data-frontcolor=\"\" data-logocolor=\"\" data-goto-top=\"off\" data-goto-top-spacing=\"0\" data-goto-disable-m=\"off\" data-groupsameheight=\"off\"><div class=\"module-inside group-inside\" style=\"--top-mod: 0px;--bottom-mod: 0px;--top-mod-t: 0px;--bottom-mod-t: 0px;--top-mod-m:0px;--bottom-mod-m:0px;\" ><div id=\"\" class=\"module col-6 module-id-1650345022934 col-offset-0\" data-module-col=\"6\"><div class=\"module-inside single-image-inside module-line\" style=\"--cornerRadius:0px 0px 0px 0px ; --line-border: 3px; --line-spacing: 0px; --line-spacing-m: 0px; --top-mod: 100px;--bottom-mod: 40px;--top-mod-t: 100px;--bottom-mod-t: 40px;--top-mod-m:0px;--bottom-mod-m:40px;\" ><div class=\"single-image-out  \"  ><figure class=\"single-image   single-image-full   \" no><div class=\"ux-hover-wrap anima-wrap\" style=\"padding-top: 66.6015625%;\"><span class=\"ux-hover-wrap-a\"><img loading=\"lazy\" decoding=\"async\" alt=\"Portrait_PhilippSieg\" class=\"single-image-img img1st lazy \" src=\"data:image\/gif;base64,R0lGODlhAQABAIAAAAAAAP\/\/\/yH5BAEAAAAALAAAAAABAAEAAAIBRAA7\" data-src=\"https:\/\/philippsieg.de\/wp-content\/uploads\/2024\/08\/Portrait_PhilippSieg.jpg\" data-srcset=\"https:\/\/philippsieg.de\/wp-content\/uploads\/2024\/08\/Portrait_PhilippSieg.jpg 2048w, https:\/\/philippsieg.de\/wp-content\/uploads\/2024\/08\/Portrait_PhilippSieg-300x200.jpg 300w, https:\/\/philippsieg.de\/wp-content\/uploads\/2024\/08\/Portrait_PhilippSieg-1024x682.jpg 1024w, https:\/\/philippsieg.de\/wp-content\/uploads\/2024\/08\/Portrait_PhilippSieg-768x512.jpg 768w, https:\/\/philippsieg.de\/wp-content\/uploads\/2024\/08\/Portrait_PhilippSieg-1536x1023.jpg 1536w, https:\/\/philippsieg.de\/wp-content\/uploads\/2024\/08\/Portrait_PhilippSieg-350x233.jpg 350w, https:\/\/philippsieg.de\/wp-content\/uploads\/2024\/08\/Portrait_PhilippSieg-650x433.jpg 650w, https:\/\/philippsieg.de\/wp-content\/uploads\/2024\/08\/Portrait_PhilippSieg-1000x666.jpg 1000w, https:\/\/philippsieg.de\/wp-content\/uploads\/2024\/08\/Portrait_PhilippSieg-2000x1332.jpg 2000w\" data-sizes=\"(max-width: 480px) 320px,(max-width: 767px) 500px,(max-width: 2048px) 100vw, 2048px\" width=\"2048\" height=\"1364\" \/><\/span><\/div><\/figure><\/div><\/div><\/div><\/div><\/div><div id=\"\" class=\"module col-6 module-id-165034502518\" data-module-col=\"6\"><div class=\"module-inside text-inside prarallaxEnable\" style=\"--traksX:translateX(0px); --traksXM:translateX(0px); --traksY:translateY(0px); --traksYM:translateY(0px); --SkewYne:skewY(-2deg); --SkewYneM:skewY(-1deg); --SkewY:skewY(0deg); --SkewYM:skewY(0deg); --SkewX:skewX(0deg); --SkewXM:skewX(0deg); --scale:scale(1); --scaleM:scale(1); --rotate:rotate(0deg); --rotateM:rotate(0deg); --top-mod: 80px;--bottom-mod: 0px;--top-mod-t: 80px;--bottom-mod-t: 0px;--top-mod-m:40px;--bottom-mod-m:0px;\" data-parallax-start=\"70%\"><div class=\"text_block_out\"  data-effect=\"standard\" style=\"\"><div class=\"text_block ux-mod-nobg\"><div class=\"text_block_inn\"><div id=\"text-165034502518\" class=\"text_block_centered text_block_centered_enable_width\"  style=\"\"><h2><span style=\"font-size: 32px;\" data-tsize=\"28px\" data-msize=\"24px\">Expertise<\/span><\/h2><\/div><\/div><\/div><\/div><\/div><\/div><div id=\"\" class=\"module col-6 module-id-1650345025344 bm-wrap row-top row-left bm-wrap-height-auto\" data-module-col=\"6\" data-change-color=\"off\" data-backcolor=\"transparent\" data-frontcolor=\"\" data-logocolor=\"\" data-goto-top=\"off\" data-goto-top-spacing=\"0\" data-goto-disable-m=\"off\" data-groupsameheight=\"off\"><div class=\"module-inside group-inside\" style=\"--top-mod: 100px;--bottom-mod: 0px;--top-mod-t: 100px;--bottom-mod-t: 0px;--top-mod-m:20px;--bottom-mod-m:0px;\" ><div id=\"\" class=\"module col-12 module-id-1650345025707\" data-module-col=\"12\"><div class=\"module-inside text-inside module-line module-top-line\" style=\"--line-border: 1px; --line-spacing: 15px; --line-spacing-m: 8px; --top-mod: 0px;--bottom-mod: 0px;--top-mod-t: 0px;--bottom-mod-t: 0px;--top-mod-m:0px;--bottom-mod-m:0px;\" ><div class=\"text_block_out\"  data-effect=\"standard\" style=\"\"><div class=\"text_block ux-mod-nobg\"><div class=\"text_block_inn\"><div id=\"text-1650345025707\" class=\"text_block_centered text_block_centered_enable_width\"  style=\"\"><p><span style=\"font-size: 26px;\" data-tsize=\"22px\" data-msize=\"18px\">Bachelor of Arts Architektur<\/span><\/p><\/div><\/div><\/div><\/div><\/div><\/div><div id=\"\" class=\"module col-12 module-id-1650345025979\" data-module-col=\"12\"><div class=\"module-inside text-inside module-line module-top-line\" style=\"--line-border: 1px; --line-spacing: 10px; --line-spacing-m: 5px; --top-mod: 15px;--bottom-mod: 0px;--top-mod-t: 15px;--bottom-mod-t: 0px;--top-mod-m:8px;--bottom-mod-m:0px;\" ><div class=\"text_block_out\"  data-effect=\"standard\" style=\"\"><div class=\"text_block ux-mod-nobg\"><div class=\"text_block_inn\"><div id=\"text-1650345025979\" class=\"text_block_centered text_block_centered_enable_width\"  style=\"\"><p><span style=\"font-size: 26px;\" data-tsize=\"22px\" data-msize=\"18px\">Master of Arts Architektur<\/span><\/p><\/div><\/div><\/div><\/div><\/div><\/div><div id=\"\" class=\"module col-12 module-id-1650345026227\" data-module-col=\"12\"><div class=\"module-inside text-inside module-line module-top-line\" style=\"--line-border: 1px; --line-spacing: 10px; --line-spacing-m: 5px; --top-mod: 15px;--bottom-mod: 0px;--top-mod-t: 15px;--bottom-mod-t: 0px;--top-mod-m:8px;--bottom-mod-m:0px;\" ><div class=\"text_block_out\"  data-effect=\"standard\" style=\"\"><div class=\"text_block ux-mod-nobg\"><div class=\"text_block_inn\"><div id=\"text-1650345026227\" class=\"text_block_centered text_block_centered_enable_width\"  style=\"\"><p><span style=\"font-size: 26px;\" data-tsize=\"22px\" data-msize=\"18px\">Adobe Photoshop \/ Illustrator \/ Lightroom<\/span><\/p><\/div><\/div><\/div><\/div><\/div><\/div><\/div><\/div><div id=\"\" class=\"module col-6 module-id-1650345027208\" data-module-col=\"6\"><div class=\"module-inside text-inside prarallaxEnable\" style=\"--traksX:translateX(0px); --traksXM:translateX(0px); --traksY:translateY(0px); --traksYM:translateY(0px); --SkewYne:skewY(-2deg); --SkewYneM:skewY(-1deg); --SkewY:skewY(0deg); --SkewYM:skewY(0deg); --SkewX:skewX(0deg); --SkewXM:skewX(0deg); --scale:scale(1); --scaleM:scale(1); --rotate:rotate(0deg); --rotateM:rotate(0deg); --top-mod: 80px;--bottom-mod: 0px;--top-mod-t: 80px;--bottom-mod-t: 0px;--top-mod-m:40px;--bottom-mod-m:0px;\" data-parallax-start=\"100%\"><div class=\"text_block_out\"  data-effect=\"standard\" style=\"\"><div class=\"text_block ux-mod-nobg\"><div class=\"text_block_inn\"><div id=\"text-1650345027208\" class=\"text_block_centered text_block_centered_enable_width\"  style=\"\"><h2><span style=\"font-size: 32px;\" data-tsize=\"28px\" data-msize=\"24px\">I&#39;m always happy to talk<\/span><\/h2><\/div><\/div><\/div><\/div><\/div><\/div><div id=\"\" class=\"module col-6 module-id-1650345027634 bm-wrap row-top row-left bm-wrap-height-auto\" data-module-col=\"6\" data-change-color=\"off\" data-backcolor=\"transparent\" data-frontcolor=\"\" data-logocolor=\"\" data-goto-top=\"off\" data-goto-top-spacing=\"0\" data-goto-disable-m=\"off\" data-groupsameheight=\"off\"><div class=\"module-inside group-inside\" style=\"--top-mod: 100px;--bottom-mod: 80px;--top-mod-t: 100px;--bottom-mod-t: 80px;--top-mod-m:20px;--bottom-mod-m:40px;\" ><div id=\"\" class=\"module col-6 module-id-1650345028240\" data-module-col=\"6\"><div class=\"module-inside text-inside module-line module-top-line module-bottom-line\" style=\"--line-border: 1px; --line-spacing: 15px; --line-spacing-m: 8px; --top-mod: 15px;--bottom-mod: 0px;--top-mod-t: 15px;--bottom-mod-t: 0px;--top-mod-m:5px;--bottom-mod-m:0px;\" ><div class=\"text_block_out\"  data-effect=\"standard\" style=\"\"><div class=\"text_block ux-mod-nobg\"><div class=\"text_block_inn\"><div id=\"text-1650345028240\" class=\"text_block_centered text_block_centered_enable_width\"  style=\"\"><p>\n    <a href=\"mailto:info@philippsieg.de\">\n        <span style=\"font-size: 26px; color: #333;\" data-tsize=\"22px\" data-msize=\"18px\">\n            info@philippsieg.de\n        <\/span>\n    <\/a>\n<\/p><\/div><\/div><\/div><\/div><\/div><\/div><div id=\"\" class=\"module col-6 module-id-1724439383990aiK98\" data-module-col=\"6\"><div class=\"module-inside text-inside\" style=\"--top-mod: 20px;--bottom-mod: 0px;--top-mod-t: 20px;--bottom-mod-t: 0px;--top-mod-m:10px;--bottom-mod-m:0px;\" ><div class=\"text_block_out\"  data-effect=\"standard\" style=\"\"><div class=\"text_block ux-mod-nobg\"><div class=\"text_block_inn\"><div id=\"text-1724439383990aiK98\" class=\"text_block_centered text_block_centered_enable_width\"  style=\"\"><p><a href=\"https:\/\/www.linkedin.com\/in\/philipp-sieg-74651a196\/?originalSubdomain=de\" target=\"_blank\" rel=\"noopener\"><span style=\"font-size: 26px; color: #333;\" data-tsize=\"22px\" data-msize=\"18px\">LinkedIn<\/span><\/a><\/p><\/div><\/div><\/div><\/div><\/div><\/div><\/div><\/div><div id=\"\" class=\"module col-12 module-id-1650345028527 bm-wrap row-top row-left bm-wrap-height-auto\" data-module-col=\"12\" data-change-color=\"off\" data-backcolor=\"transparent\" data-frontcolor=\"\" data-logocolor=\"\" data-goto-top=\"off\" data-goto-top-spacing=\"0\" data-goto-disable-m=\"off\" data-groupsameheight=\"off\"><div class=\"module-inside group-inside\" style=\"--top-mod: 0px;--bottom-mod: 0px;--top-mod-t: 0px;--bottom-mod-t: 0px;--top-mod-m:0px;--bottom-mod-m:0px;\" ><\/div><\/div><\/div>","protected":false},"excerpt":{"rendered":"<p>Biography Hallo, ich bin Philipp \u2013 Architekt und Fotograf. Mit &hellip;<\/p>\n","protected":false},"author":1,"featured_media":0,"parent":0,"menu_order":0,"comment_status":"closed","ping_status":"closed","template":"","meta":{"footnotes":""},"class_list":["post-39","page","type-page","status-publish","hentry"],"aioseo_notices":[],"_links":{"self":[{"href":"https:\/\/philippsieg.de\/index.php?rest_route=\/wp\/v2\/pages\/39","targetHints":{"allow":["GET"]}}],"collection":[{"href":"https:\/\/philippsieg.de\/index.php?rest_route=\/wp\/v2\/pages"}],"about":[{"href":"https:\/\/philippsieg.de\/index.php?rest_route=\/wp\/v2\/types\/page"}],"author":[{"embeddable":true,"href":"https:\/\/philippsieg.de\/index.php?rest_route=\/wp\/v2\/users\/1"}],"replies":[{"embeddable":true,"href":"https:\/\/philippsieg.de\/index.php?rest_route=%2Fwp%2Fv2%2Fcomments&post=39"}],"version-history":[{"count":1,"href":"https:\/\/philippsieg.de\/index.php?rest_route=\/wp\/v2\/pages\/39\/revisions"}],"predecessor-version":[{"id":191,"href":"https:\/\/philippsieg.de\/index.php?rest_route=\/wp\/v2\/pages\/39\/revisions\/191"}],"wp:attachment":[{"href":"https:\/\/philippsieg.de\/index.php?rest_route=%2Fwp%2Fv2%2Fmedia&parent=39"}],"curies":[{"name":"wp","href":"https:\/\/api.w.org\/{rel}","templated":true}]}}